te the greatest common factor of w and 50.
50
Suppose -7*z = -13*z - 6. Let s be (-1 - (1 + z)) + (114 - 11). Calculate the greatest common factor of 34 and s.
34
Suppose -3*w = w + 12, -w = 5*u - 17. Suppose u*p = -10 + 226. What is the greatest common divisor of p and 6?
6
Let g = 6 + 1. Suppose -4*i + 334 = -2*x, 37*x - 1 = 36*x. Calculate the greatest common factor of i and g.
7
Suppose 4*s - 3*k - 492 = 0, 2*k = -2*s + 6*k + 256. Let v(x) = x**2 + 6*x - 15. Let g be v(-9). Calculate the highest common factor of g and s.
12
Let c be 4 - 5/(10/(-112)). Suppose -5*q = -3*q - c. What is the greatest common divisor of q and 10?
10
Let m = -37 - -45. Suppose -66 = 6*u - m*u. What is the highest common factor of 33 and u?
33
Let r = -10 - -35. Suppose g - 61 = -2*v + 90, -3*v - g = -226. What is the greatest common divisor of r and v?
25
Suppose -4 = -3*q + 8. Suppose -s + 25 = 4*o - o, -185 = -q*s + 5*o. What is the greatest common divisor of s and 30?
10
Let p = -28 - 7. Let c = 39 + p. What is the highest common factor of c and 36?
4
Suppose 2*m = -a + 5, m - 4*a = -27 + 7. Suppose m*x + 5*r = 2*x + 44, -r = -4*x - 52. Let o be 3/x + 63/12. Calculate the greatest common factor of o and 2.
1
Suppose -10*m - 7 = 13. Let l be ((-92)/(-1*2))/(0 - m). Calculate the greatest common divisor of 161 and l.
23
Suppose 0 = -4*k, 2*o - 1852 - 898 = k. Calculate the highest common factor of o and 11.
11
Suppose 0 = 10*a - 16*a + 5610. Calculate the highest common divisor of a and 51.
17
Let a(s) = -2*s**2 - 13*s - 3. Let l be a(-3). Calculate the greatest common divisor of 2 and l.
2
Suppose 2*f - 304 = -2*t, 3*t - f + 91 = 527. Let g(u) = -u**2 + 9*u + 7. Let p be g(7). Calculate the greatest common factor of p and t.
21
Suppose 0 = -3*i - 0*i + 54. Let z be 42/i + 2/(-6). Let x be 6/2 + (-2)/z. What is the greatest common factor of 2 and x?
2
Let u be 30/4*(-20)/(-25) + 32. What is the greatest common factor of 209 and u?
19
Suppose -24 = 2*m - 5*m. Suppose -50 = -m*t + 102. What is the highest common factor of t and 19?
19
Let o(r) = r - 2*r + 2*r. Let b be o(4). Suppose 5*a + 3*x = 178, -71 = -2*a + 3*x - b*x. Calculate the greatest common factor of a and 14.
7
Suppose -4*w = -4, 0 = 2*n + 4*w - 2*w - 26. Let c be (n/7)/((-2 - 2)/(-56)). What is the greatest common divisor of 16 and c?
8
Suppose 0 = -5*x - y + 105, 8*x = 3*x - 5*y + 125. Calculate the highest common divisor of x and 370.
10
Let p(q) = 63*q - 21. Let w be p(16). What is the highest common factor of 21 and w?
21
Suppose -2*t + 38 = 3*m, 32 = 4*t - 5*m - 44. What is the highest common divisor of t and 2071?
19
Suppose 0 = 5*u + 8911 - 8916. Let x = 5 + 4. Calculate the highest common divisor of x and u.
1
Suppose 3*r - 2*f = 124, -91 = -2*r + f + 2*f. Let w(x) = -24*x - 4. Let p be w(-1). Let j = r - p. Calculate the greatest common divisor of 144 and j.
18
Let j(r) = 2*r**3 - 2*r**2 - 2*r + 8. Let g be j(2). What is the greatest common factor of 6 and g?
6
Let x(i) = 152*i + 32. Let m be x(2). What is the greatest common factor of m and 96?
48
Suppose 85 = -5*w + 5*u, -13 = 5*w + 2*u + 79. Let v = -12 - w. Let t = 15 + -3. What is the highest common factor of v and t?
6
Let l(y) = 55*y + 4. Let s be l(-1). Let a = -48 - s. Let o be (-2)/(-3) + (-86)/(-6). Calculate the highest common factor of a and o.
3
Let l = -25 - -28. Suppose -2*w + s = -77, -8*s + l*s = 5*w - 215. What is the highest common factor of w and 5?
5
Let h = -94 - -144. Let t(f) = f**2 - 56*f + 650. Let b be t(40). Calculate the greatest common factor of b and h.
10
Let w be (1842/18)/(2/6) - 3. What is the highest common factor of w and 19?
19
Suppose -320 = -2*n - 18*n. Suppose 5 = -3*i + 4*i. Let c be 2/i - 114/(-15). What is the greatest common divisor of n and c?
8
Let p = 256 + -166. What is the highest common factor of 54 and p?
18
Let x(q) = q**2 + 12*q + 2. Let k be x(-12). Suppose 0 = 3*o - 15, 2*w + 3*o = k*o + 113. Let z = w - 10. What is the greatest common divisor of z and 11?
11
Let j be 42/9*(-9 + 69). What is the greatest common divisor of j and 10?
10
Suppose 7*a - 2*a - 11 = -4*b, -4*a + 4 = 2*b. Let g = 9 - 3. Suppose -4*r = -2*s - 0*r, 3*r = g. What is the greatest common divisor of b and s?
4
Let i(f) = f**2 - 8*f + 15. Let y = 18 - 8. Let s be i(y). Calculate the highest common factor of 385 and s.
35
Let t(p) = p**2 - 6*p - 16. Let c be t(9). Suppose 6 = 3*y - 5*o - c, 0 = -3*y + o + 13. Let k = 39 + -19. What is the highest common divisor of y and k?
4
Let i be (-12)/48 - (-884)/16. Calculate the greatest common factor of i and 33.
11
Let o(h) = h**2 - 29*h - 7. Let q be o(31). Calculate the highest common factor of q and 15.
5
Let j be 30/(-40) + 23/4. Calculate the greatest common factor of j and 1.
1
Let w be (-1992)/(-36) - 2*1/(-3). Let f = -259 + 148. Let p = 29 - f. Calculate the highest common factor of p and w.
28
Let h(y) = y**3 - 7*y**2 + 4*y + 4. Let f be h(6). Let a be 0 + f/(4 + 0). Let r be 2/(-2)*a - -7. Calculate the greatest common divisor of 9 and r.
9
Suppose 0 = -5*v + 2*c + 96, -3*v + 40 = -4*c - 26. Let f = 8 + -21. Let t = f - -22. Calculate the highest common divisor of t and v.
9
Suppose -d + 4*b - 8 = 0, -5*d - 2 = -b - 0. Let u(t) = 4 + 9*t - 2 + d - 1. Let j be u(6). Calculate the highest common divisor of j and 22.
11
Let p = 3 + 3. Suppose 4*q + y = 278 - 84, -3*y + p = 0. Let u = q + -28. Calculate the greatest common factor of 20 and u.
20
Let f(z) be the first derivative of z**4/4 + 8*z**3/3 + 7*z**2/2 - z + 7. Let b be f(-5). Calculate the highest common factor of 156 and b.
39
Suppose -27*f - 10*f + 2590 = 0. What is the highest common factor of f and 120?
10
Let b(g) = 22*g**2 + 6*g - 5. Let c be b(1). What is the greatest common factor of c and 437?
23
Let q(m) be the third derivative of m**5/60 - 5*m**3/6 + 6*m**2. Let u be q(-4). Calculate the greatest common factor of 99 and u.
11
Let h(p) = -p**2 + 8*p. Let q be h(6). Suppose q*y = 11*y + 7. Calculate the greatest common divisor of y and 7.
7
Suppose -27 = -5*k + 3*x, k = x - 2*x + 7. Suppose -k*o = o - 56. Calculate the highest common factor of o and 72.
8
Let i be (-108)/(-21)*((-280)/(-30) - 0). What is the greatest common divisor of 16 and i?
16
Let x(n) = n**3 + 5*n**2 + n + 6. Let r be x(-5). Let v be 19 + r/2*-8. What is the highest common divisor of 3 and v?
3
Let j(q) = -4*q**2 + 1 - 18*q + 5*q**2 + 33*q. Let t be j(-15). What is the greatest common factor of t and 2?
1
Let g be -2 + 2 + 2 - -28. Let h = -791 - -866. What is the highest common factor of h and g?
15
Let k(b) = -b - 1. Let y(g) = -17*g - 20. Let c(j) = -3*k(j) + y(j). Let t be c(-7). Let o = t + -41. Calculate the highest common factor of o and 5.
5
Let l(g) = 2*g - 9. Let x be l(7). Suppose -194 + 185 = -9*a. Calculate the highest common factor of a and x.
1
Let r = -64 + 106. What is the highest common divisor of 49 and r?
7
Let i = 1856 + -1838. Let p = -4 - -13. What is the highest common divisor of p and i?
9
Let l be -5 + ((-3)/6)/(10/(-70660)). What is the highest common factor of 49 and l?
49
Let p(n) = 8*n**2 - 4*n + 9. Let l be p(-7). What is the greatest common factor of 39 and l?
39
Let v(m) be the third derivative of 53*m**4/12 - 7*m**3/3 + 20*m**2. Let o be v(4). Calculate the highest common divisor of 41 and o.
41
Let c(s) = 9*s**2 + 1. Let f be c(-1). Let u = 10 - -5. What is the greatest common factor of f and u?
5
Let n = -21 - -15. Let h(q) = 1. Let l(z) = 11*z + 11. Let t(d) = 5*h(d) - l(d). Let k be t(n). What is the greatest common factor of 20 and k?
20
Let i(r) = -r**2 - 14*r + 28. Let h be i(-14). Let v be 20 + 1 - h/(-7). Calculate the highest common divisor of v and 10.
5
Suppose 0 = -2*i - 17 + 49. Let s(x) = -x**2 + 13*x + 1. Let f be s(13). Let y be 6 - -17 - -1*f. Calculate the highest common divisor of i and y.
8
Let u be 21/(-6) + 2/4. Let x(d) = 3*d**2 + 4*d + 3. Let h be x(u). Let z = 50 - 38. Calculate the highest common divisor of h and z.
6
Let r = -244 + 319. What is the highest common factor of 9 and r?
3
Let z = -29 + 32. Suppose -2*t + 3*v - 9 = -42, -z*v + 3 = 2*t. Calculate the highest common divisor of 72 and t.
9
Suppose 0 = -2*s + 6 + 10. Suppose -2*t - 6 = s. Let n be -8 - t - (